. Is s a multiple of 18?
False
Let s = 1581 + -738. Is 14 a factor of s?
False
Suppose -10*v = -9*v - 120. Is 16 a factor of (-5)/35 - v/(-7)?
False
Let o = -3137 - -4690. Is 12 a factor of o?
False
Let y = 25 + 50. Suppose -3*l = -3*n + y, 0 = 4*n - 0*l - l - 88. Does 7 divide n?
True
Suppose 8*m - 1078 = -6*m. Is m a multiple of 11?
True
Suppose 3*l - 4*d - 543 = 0, -922 = -5*l + d - 0*d. Is 5 a factor of l?
True
Is 0/3 + (-4)/(-8)*1978 a multiple of 23?
True
Suppose 0 = 5*r - 2*w - 534, 4*r + 3*w - 41 = 400. Is 9 a factor of r?
True
Suppose 0 = -2*y - 50*b + 46*b + 5094, y + 3*b - 2551 = 0. Is 79 a factor of y?
False
Suppose 0 = 2*y + 4. Let w be (-40)/(-15)*(-3)/y. Is (-270)/w*12/(-10) a multiple of 27?
True
Let z(p) be the second derivative of p**5/20 - p**4/4 + p**3/3 + 3*p**2/2 - 10*p. Suppose -3*l = -3*k - 27, -2*l + 2*k = -2*k - 28. Is z(l) a multiple of 12?
False
Let k(c) = -5*c**3 - 7*c**2 + c + 3. Let d(j) = -3*j**3 - 3*j**2 + 1. Let a(u) = 7*d(u) - 4*k(u). Let z(i) = -i + 1. Let g be z(-5). Does 2 divide a(g)?
False
Suppose -4*i - 35 - 25 = 0. Let x be (-8 - i)/(1/13). Suppose 2*k + y - x = 0, 4*k = -y - 0*y + 187. Does 18 divide k?
False
Suppose 26 = 4*o - 3*a + 139, -59 = 2*o - a. Let d = 49 + o. Is d a multiple of 17?
True
Let y(m) = 2*m**2 - 12*m - 17. Let p be y(10). Suppose 4*j + 5*l - 29 = 223, -j + p = -2*l. Is 7 a factor of j?
True
Let x be 10/(-1)*(-16 - -19). Let j be (6/9)/((-4)/x). Suppose 0 = -j*l + 108 + 207. Is 21 a factor of l?
True
Suppose 0 = 2*l + 3*l - 45. Does 8 divide (-6)/((-24)/(-20))*-1*l?
False
Let j(g) = g**2 + 8*g + 15. Suppose -2*c + 83 = -2*l - 3*l, -5*l - 4*c = 59. Does 24 divide j(l)?
True
Let j = 1413 - 325. Is j a multiple of 16?
True
Let l(h) = -35*h + 5. Let b(v) = 7*v - 1. Let t(i) = i**3 - 4*i**2 + 4*i - 2. Let k be t(2). Let q(d) = k*l(d) - 11*b(d). Is q(-1) a multiple of 3?
False
Does 32 divide (1426/8)/(19/380)?
False
Let i be -3 + (-3 + 2)*47. Let k be i/(-4)*(-144)/(-6). Does 9 divide ((-12)/(-10))/(10/k)?
True
Let h be ((-8)/6)/(10/(-45)). Let r be 110/(-9) + h/27. Let k = 59 + r. Does 14 divide k?
False
Is 31 a factor of 4/22 + 5577390/1485?
False
Suppose -82*s + 85*s = 6360. Is s a multiple of 20?
True
Suppose -f - 2*f = -129. Let s = f - 22. Suppose -35 = -4*i + s. Is i a multiple of 4?
False
Let b = 202 - 153. Suppose -s - 4*a + 6 - 3 = 0, 2*a - b = -3*s. Does 2 divide s?
False
Suppose 4*g + 1859 - 355 = 2*v, -4*g - 2246 = -3*v. Is v a multiple of 7?
True
Suppose 35*h - 688 = -3*n + 31*h, 4*h + 1168 = 5*n. Is n even?
True
Let l = 3486 + 1290. Is 13 a factor of l?
False
Suppose 34*n - 50*n + 5456 = 0. Is n a multiple of 22?
False
Let i(y) = 12*y + 87. Let u(o) = 13*o + 87. Let v(t) = 6*i(t) - 5*u(t). Is v(0) a multiple of 3?
True
Let q = -2647 - -2739. Is q a multiple of 46?
True
Suppose 0*l + 1845 = 5*x - 3*l, 0 = -3*x - l + 1121. Does 31 divide x?
True
Let q = -1073 + 1134. Is q a multiple of 5?
False
Let j = 44 - 42. Let i be ((-4)/(-3))/((-4)/54). Is 8 a factor of (-1)/(1/i) - j?
True
Suppose 2*y + 4*d - 20 = 0, -3*y + 0*d = -4*d. Does 58 divide (3 + -4)/(y/(-652))?
False
Let a(n) = 2*n**2 - 10*n + 8. Let x be (8 - (-2 - -3))/1. Is a(x) a multiple of 12?
True
Let i(u) = -u**3 + 8*u**2 - 4*u - 13. Let q be i(7). Let n(x) = x**3 - 8*x**2 + 3*x - 9. Does 5 divide n(q)?
True
Suppose 5*u + 67 = -83. Let q be (-650)/12 + (-5)/u. Let r = q + 114. Does 26 divide r?
False
Suppose 2*k - 33 = -99. Let z = 52 - k. Is 12 a factor of z?
False
Suppose 3*y + 3*d = 1098, 5*d - 1820 = -5*y + 10*d. Is 8 a factor of y?
False
Let j(r) = 15*r - 1. Let f(q) = -74*q + 4. Let u(n) = 3*f(n) + 16*j(n). Does 32 divide u(2)?
True
Let z be (-2)/9 + (-11)/(198/(-4)). Suppose 5*d - 334 - 216 = z. Is d a multiple of 55?
True
Let k = 0 + 3. Suppose -2*m + 5*o + 124 = 2*m, 0 = m + k*o - 48. Is m a multiple of 6?
True
Let p be 27*((4 - 8) + 1 - -6). Suppose -7*o = 18 - p. Does 4 divide o?
False
Let w be (-6)/2*(6 - 7). Let t be 18/w*2/12. Let a = 21 - t. Is a a multiple of 7?
False
Suppose 5*k - 5*l = -7*l + 966, 0 = 2*k - 5*l - 369. Is k a multiple of 96?
True
Let f(u) = 53*u + 185. Is 6 a factor of f(11)?
True
Let x be 52295/(-20) + 2/(4*-2). Is 35 a factor of x/(-15) + 4/6?
True
Suppose 6*w - w + 135 = 0. Is (w/18)/(3/(-226)) a multiple of 6?
False
Let a be 3 - -5 - 0/(-6). Let y be (28/8 - 3)*a. Let u(t) = -t**3 + 3*t**2 + 7*t - 1. Is 8 a factor of u(y)?
False
Suppose 0 = -4*w - 4*g + 284, -2*g = 4*w + 3*g - 284. Let l(a) = -36 - 30 + w - 14*a. Is 16 a factor of l(-6)?
False
Suppose -q - 5*v + 19 - 5 = 0, -2*v = 2*q - 4. Let i = -752 + 754. Is 63/(i - q)*4 a multiple of 21?
True
Let p(l) = -l + 8. Let s be p(5). Suppose -4*w + 0*v - 8 = 3*v, -v - s = w. Suppose -2*h = 3*i - 33, 8 = 3*h - w. Does 3 divide i?
True
Let t be 1 + 7 + 4 + -6. Let h(m) = -m**3 + 7*m**2 - 3*m - 13. Let a be h(t). Suppose 0*d + 200 = 4*d + a*n, 2*n + 173 = 3*d. Is d a multiple of 13?
False
Suppose -5*d - 4*h + 9*h = -735, d = 3*h + 153. Does 16 divide d?
True
Let q(i) = 2*i**2 + 2*i + 253. Is q(0) a multiple of 11?
True
Let i(c) = -c**2 + 11*c - 15. Let g be i(5). Suppose 5*a - 3*m - 2*m = 405, -5*m = -g. Is a a multiple of 42?
True
Let v = 813 + -165. Is v a multiple of 13?
False
Is 1063 - (-9 - -33)/4 a multiple of 11?
False
Let x(l) = -l**3 + 40*l**2 - 28*l - 23. Is 58 a factor of x(39)?
True
Let m(b) = 2*b**3 + 10*b**2 + 11*b + 15. Does 6 divide m(6)?
False
Suppose 0*y + 15 = -5*y, 0 = -3*h + 4*y + 18. Suppose -8 = -4*d, 76 + 10 = h*j - 3*d. Is 23 a factor of j?
True
Let w be ((-1)/2)/(20/(-7520)). Suppose 5*g - 417 = w. Does 21 divide g?
False
Let y(h) = -502*h + 60. Is 44 a factor of y(-4)?
True
Suppose -6*w - 24 = -8*w - 2*r, 3*w - 2*r - 16 = 0. Is 8 a factor of w?
True
Suppose 2*l - 682 = -4*y, 4*l = -y + 4*y + 1419. Is 9 a factor of l?
True
Let z be (88*-1)/1 + 2. Let n = 79 - z. Is 36 a factor of n?
False
Suppose -4*n - 38 = 2*c + n, 4*c + 5*n + 56 = 0. Let k = -7 - c. Does 21 divide -3 + k - (0 - 83)?
False
Let n(f) = -7*f**2 + 2. Let b be n(2). Let j be 14/91 - (-4)/b. Suppose j*c = -c + 9. Is 9 a factor of c?
True
Suppose 0 = -g + l - 13, g - 4*g = 4*l + 11. Let z(y) = -13*y + 4. Is 8 a factor of z(g)?
False
Let b(z) = 9*z - 7. Suppose 0 = 4*m - 4*y - 12, y + 3 + 12 = 4*m. Let i be b(m). Let t = 31 + i. Is 15 a factor of t?
True
Let o(t) = -9*t - 6. Let p(r) = 10*r + 7. Let n(k) = 7*o(k) + 6*p(k). Let x(w) = -w - 26. Let q be x(-17). Does 9 divide n(q)?
True
Let t be 40/300 - 1228/(-15). Suppose -2*o + 0*b - 2*b + t = 0, -5*o + 2*b + 226 = 0. Does 11 divide o?
True
Suppose -2223 = -j - 12*j. Is j a multiple of 9?
True
Suppose 0 = -3*t - 2*u + 6988, -2*u = -5*t + 3206 + 8462. Is t a multiple of 53?
True
Let d = 669 + -602. Is 38 a factor of d?
False
Suppose 16*y = 13*y + 4*m + 2324, 4*y - 3096 = 4*m. Is 65 a factor of y?
False
Let v be (-55)/(-3) - (-8)/12. Let h = v - 14. Suppose -590 = -h*l - 85. Is l a multiple of 38?
False
Suppose -17*f + 359 = -406. Is 9 a factor of f?
True
Let z(a) = 13*a + 210. Does 6 divide z(12)?
True
Let z = 1 + 16. Suppose -2*j + z = -3*d, 0*j = 4*j - 2*d - 54. Does 16 divide j?
True
Let f(m) = -7*m + 18*m**2 + 8*m - m**3 + 2*m + 29 + 7*m. Is f(18) a multiple of 52?
False
Let k be (-110)/(-3) - (-14)/(-21). Let n = k - 31. Let d(f) = f**3 - 5*f**2 + 6*f - 5. Does 15 divide d(n)?
False
Let r = 66 + -118. Let g = -19 - r. Does 7 divide g?
False
Suppose 2261 = 4*z + 925. Is 41 a factor of z?
False
Let n = -319 - -541. Is n a multiple of 34?
False
Is 21 a factor of ((-354)/8)/((-12)/32)?
False
Let i(h) = -53 - 3*h + 21 - 5*h. Is 11 a factor of i(-15)?
True
Let b = -269 + 534. Does 10 divide b?
False
Suppose 0 = h + 3, 3*z - 21 = 4*h - 3. Let k be ((-10)/15)/(z/21). Is 2*2 + (-616)/k a multiple of 23?
True
Suppose 2*j - 5*p + 15 = 0, 2*j - 5 = -j + 2*p. Suppose -6*s = -j*s - 34. Does 31 divide s?
False
Let k(h) = -h + 9. Let q be k(0). Let p = q - 5. Let x(r) = 2*r**2 - 6*r. Is x(p) a multiple of 2?
True
Suppose 3 = 4*t - 3*y, -t + 3*t + 3 = 3*y. Suppose 3*k + 33 = t*o, -3*k - 23 - 4 = 3*o. Is (36/k)/((-2)/50) a multiple of 20?
False
Let c(u) = -u**3 - 3*u**2 + 5*u - 3. Let y be c(-4). Does 18 divide 4 - y/(14/172)?
True
Let m = -3394 + 4839. Suppose -14*f + m = -1005. Is f a multiple of 35?
True
